o(j) = j**3 - 4*j**2 + j. Let d be o(4). Suppose 5*n + 5 = y - 21, -d*n - 25 = -5*y. What is the remainder when s is divided by y?
0
Suppose 13 + 14 = 9*v. Let y = 11 - 7. Calculate the remainder when (2 - 5)*v/(-1) is divided by y.
1
Suppose 0 = 2*o - 0*o + 28. Let l = o + 21. Calculate the remainder when 39/(-6)*1*-2 is divided by l.
6
Suppose -38 = -4*l + 3*m - m, 0 = 2*m + 10. Calculate the remainder when 25 is divided by 20/(-70) - (-93)/l.
12
Suppose 5*n - 33 = -0*n - 2*m, 5*n - 31 = -4*m. Let i(o) = -12*o + 183. Calculate the remainder when i(14) is divided by n.
1
What is the remainder when (2 + (-8)/6)/(20/2670) is divided by 25?
14
Let d(k) = -4*k**3 - k**2 + 1. Let o be d(1). Let v(s) = s + 2. Let x be v(o). What is the remainder when 30 is divided by x/(-5) + 265/25?
8
Suppose 39*u - 32 = -o + 44*u, 0 = -3*o + 5*u + 146. What is the remainder when 267 is divided by o?
39
Let m(t) = 7*t**2 + 1. Let d(s) = -s**2. Let b(n) = 6*d(n) + m(n). What is the remainder when b(-2) is divided by 1?
0
Let g be ((-8)/(-10))/((-10)/(-75)). Suppose 325 = g*v - v. Suppose v = 5*w - 15. Calculate the remainder when 27 is divided by w.
11
Let n(a) = a**2 + 11*a + 40. What is the remainder when 59 is divided by n(-7)?
11
Let s = -4 + 7. Suppose s*u - 7*u + z = -319, -3*z + 420 = 5*u. What is the remainder when u is divided by 21?
18
Let q(f) = -f**3 - 10*f**2 + 9*f - 16. Suppose -7*o - 67 = 10. Let t be q(o). Suppose 60 = 9*m - t*m. What is the remainder when 59 is divided by m?
19
Let z(m) = -8*m - 154. Suppose 5*y - 12 - 523 = 0. Calculate the remainder when y is divided by z(-23).
17
Let v = 11 + -5. Let u be (-5 + 8)/(v/4). What is the remainder when 20 is divided by (-69)/(-9) + u/(-3)?
6
Let p(r) = -r**2 + 27*r - 20. Calculate the remainder when p(7) is divided by 41.
38
Suppose r = -2*n + 64, n = r - 3*n - 76. Calculate the remainder when r is divided by ((-14)/10 + 5)/((-9)/(-30)).
8
Let c(z) = -2 + 0 + 10 - z + 5. What is the remainder when 99 is divided by c(-12)?
24
Let m(y) = -83*y**3 - y**2. Suppose -3*f + 5*f - 36 = 6. Calculate the remainder when m(-1) is divided by f.
19
Let y(v) = v**2 - 33*v - 566. Calculate the remainder when y(-22) is divided by 54.
50
Let u = -9044 - -9053. Suppose -5*a + 7 = -43. Calculate the remainder when a is divided by u.
1
Let v(x) = x**3 - x**2 - x. Let g be v(-1). Suppose -8 = -39*n + 35*n. Calculate the remainder when 49 is divided by 15 - (4/g + n).
15
Suppose 3*q = -y + 280, -5*q = 4*y - 88 - 388. What is the remainder when q is divided by 41?
10
Suppose 4*z - 160 = -6*z. Suppose 126 = 7*y - 189. Calculate the remainder when y is divided by z.
13
Suppose 20*g - 17*g + 96 = 0. Let k = 19 - 11. What is the remainder when (1 + g)/(-1)*1 is divided by k?
7
Let y(c) = 4*c + 12. Let d be y(-5). Let t(h) = h**3 + 7*h**2 - 11*h - 13. Calculate the remainder when 19 is divided by t(d).
8
What is the remainder when 127 is divided by (-6)/(-4)*(-2494)/(-87)?
41
Let v(a) = 2*a - 11. Let m(p) = -1. Let x(t) = -3*m(t) - v(t). Calculate the remainder when x(-11) is divided by 20.
16
Let r = -29 - -60. What is the remainder when r is divided by (4 - 4) + (2 - 5) + 20?
14
Suppose -44 = -l - 5*y, -2*y = -5*l + y + 136. Suppose -3*b + 101 = 5*t, 3*t + 2*b - 57 = -b. What is the remainder when l is divided by 45*(4 + t/(-6))?
14
Let x be 5/(-5) - (-24)/2. Let q = x + 11. Suppose 3*p - 11 = c - 38, -2*p = 5*c - 50. Calculate the remainder when q is divided by c.
10
Suppose 3*f - 2*g = 14, -2*f + g = -g - 8. What is the remainder when 213 is divided by f?
3
Calculate the remainder when ((-14)/(-2) - (-142 + -27))*1 is divided by 66.
44
Let r = 28 - 28. Suppose r = -0*o + 2*o + b - 25, -5*o + 3*b + 79 = 0. Calculate the remainder when 38 is divided by o.
10
Let b = 164 - 138. What is the remainder when b is divided by (-3 + 3 + -3)*-1?
2
Suppose -9*w = -10 - 476. What is the remainder when 206 is divided by w?
44
Let r be 2/(-4)*0/1. Let d be 93 - (4 + -8 - 0). Suppose 0 = -5*b + h + d, r = b + 5*h - 9. Calculate the remainder when 72 is divided by b.
15
Let n(o) = o**3 + 15*o**2 - 59*o + 22. What is the remainder when n(-18) is divided by 39?
34
Let h(o) = -o**2 - 3*o + 3. Let m = 20 + -25. Let g be h(m). Let a = 10 + g. What is the remainder when a is divided by 2?
1
Suppose -5*n - 4*j + 657 = 0, 10*j - 6*j = -3*n + 399. Calculate the remainder when n is divided by 67.
62
Let u = 1 - -27. Let c be (-8)/u - 284/(-14). Suppose 3*q - 40 = c. What is the remainder when q is divided by 11?
9
Suppose -5*t + 24 = -t. Let g(v) = v**2 - 6*v + 1. Let r be g(t). Let q(l) = 103*l. Calculate the remainder when q(r) is divided by 35.
33
Let p(q) = -4*q**2 - 15*q + 14. Let d be p(6). Let u = d + 315. Calculate the remainder when u is divided by 14.
11
Suppose 4*r + 10 = 9*r. Suppose 0 = 3*g - r*g - 52. Calculate the remainder when g is divided by 18.
16
Let o = -608 - -854. What is the remainder when o is divided by 14?
8
Suppose 2*u = 3*p + 17, 0 = u - 4*p - 1 - 10. Let k = u + 11. Suppose 2*f - 104 = -36. Calculate the remainder when f is divided by k.
16
Let s = 243 - 233. Calculate the remainder when s is divided by ((-32)/(-6))/1 - (-10)/15.
4
Let i = 0 - -5. What is the remainder when 7*(-3)/((-12)/8) is divided by i?
4
Let b = -23 + 26. Suppose x - b = 2. Let g = -1 + x. Calculate the remainder when 11 is divided by g.
3
Let m(c) be the second derivative of -c**4/12 + c**3 + 5*c**2/2 + 2*c. What is the remainder when 22576/612 - (-1)/(18/2) is divided by m(5)?
7
Let w(l) = -173*l - 25. Let v be w(-4). Suppose 198 = -7*k + v. What is the remainder when k is divided by 23?
21
Let z(o) be the third derivative of -o**6/10 + o**5/30 - o**4/12 - o**3/3 + 12*o**2. What is the remainder when 69 is divided by z(-1)?
13
Suppose 3*h + 21 = 5*d, -4*d - 4*h + 32 = -4. Suppose 2*q - 3*y = q + d, -4*y = 8. What is the remainder when 49 is divided by (-26 - -1)*(q - 1)?
24
Suppose 992 = 35*l + 572. What is the remainder when 33 is divided by l?
9
Let t(i) = -110*i - 87. Let p = -8 - -5. Let c(s) = s**2 - 1. What is the remainder when t(-1) is divided by c(p)?
7
Let q = 7 - -10. Suppose -4 = 2*w, 2*u + 2*u - 272 = 2*w. What is the remainder when u is divided by q?
16
Let t(l) be the third derivative of -3*l**4/4 - 10*l**3/3 - 3*l**2. What is the remainder when t(-8) is divided by 18?
16
Let x = 81 + -21. Suppose m - 6*m - 4*l = -x, 0 = -l + 5. Calculate the remainder when m is divided by 6.
2
Calculate the remainder when 189 is divided by ((-216)/(-15))/(1 + 35/(-50)).
45
Let s be (12/(-10))/((-6)/15). Suppose s*w = w + 198. Suppose -2*p + 5*p = w. Calculate the remainder when p is divided by 9.
6
Let u(c) = -c + 14. What is the remainder when 129 is divided by u(3)?
8
Let r = -83 - -89. Suppose r*i = 1 + 137. Calculate the remainder when 89 is divided by i.
20
Let c be 252/(-16) - 2/8. Let p = 15 - c. Calculate the remainder when p is divided by 16.
15
Calculate the remainder when 589 is divided by (4/(-22))/(2/(-814)).
71
Calculate the remainder when -2 + 1004/20*5 is divided by 28.
25
Suppose -3*t - 3*f + f = -103, 16 = -4*f. Suppose -t = -2*z + 7. What is the remainder when z is divided by 6?
4
Let x(p) = -4*p - 16. Let g be (0 - 24)*32/(-12). Suppose 0*o = o + 3*t - 37, 2*o - g = -t. Calculate the remainder when o is divided by x(-8).
15
Let p = 76 - 73. Suppose -4*b - p*r = -114, -3*b + 77 - 2 = -3*r. Suppose -4*j + 179 = 3*f - 0*f, j - 58 = -f. Calculate the remainder when f is divided by b.
26
Suppose -6*t + 61 = -269. Suppose -4*o = o - t. Let d(k) = k - 2. What is the remainder when o is divided by d(5)?
2
Let l be -2 + 5 - (-2 + 2). Let q(c) = 4*c - 1. Calculate the remainder when q(l) is divided by 4.
3
Calculate the remainder when 112 is divided by (-21)/(-7) + 8 - 4.
0
Suppose 4*i + 5*m - 20 = 0, 14*m - 12 = 17*m. Calculate the remainder when 368 is divided by i.
8
Let a(k) = k**3 + 6*k**2 + 4*k + 8. Calculate the remainder when 19 is divided by a(-5).
6
Let y be 8/(-10)*(-30)/(-1). Let t = -3 - y. Calculate the remainder when 52 is divided by t.
10
Let m = 18 - 13. Let q(t) = -t - t - t + 5*t**2 + m*t. What is the remainder when 109 is divided by q(-2)?
13
Suppose 2*f + 3 = b + 8, 2 = 2*b. Suppose f*u + c + 13 = 4*u, -2*u - c + 